-1324704 (base 13) to base 16
-5babe9
What is 220324442 (base 5) in base 15?
13b19c
What is -1441555 (base 8) in base 5?
-101113402
Convert -8215246 (base 9) to base 16.
-42d584
-33311201 (base 4) to base 12
-31655
What is 20223113 (base 4) in base 5?
2114133
146152 (base 7) to base 8
67613
1312776 (base 8) to base 2
1011001010111111110
Convert -5bc01a (base 16) to base 15.
-7db939
What is -20301232 (base 6) in base 7?
-4650122
What is -15112305 (base 6) in base 15?
-a4da8
-5933aa (base 16) to base 6
-325144254
What is -2270370 (base 8) in base 6?
-21132320
-1b2afd (base 16) to base 7
-21063616
What is 113826 (base 10) in base 7?
652566
3883888 (base 9) to base 8
10060606
What is 345655 (base 7) in base 16?
f27a
What is -1c253 (base 15) in base 13?
-32943
-2c9dc (base 15) to base 16
-2326e
What is -31c797 (base 13) in base 2?
-100011101101010111111
What is 423dc (base 15) in base 3?
101200020200
What is 6114545 (base 7) in base 3?
1100220220202
Convert -743374 (base 9) to base 4.
-1223323210
Convert 2012110100220 (base 3) to base 15.
181b5c
What is -183283 (base 9) in base 2?
-11011110100101001
Convert 10101001011001111011 (base 2) to base 4.
2221121323
What is -1122300 (base 6) in base 16?
-e0dc
Convert 19b2d0 (base 15) to base 14.
248798
-9184 (base 15) to base 8
-74004
Convert -ba79 (base 12) to base 14.
-76b3
Convert 22002121 (base 5) to base 11.
1190a5
What is 2521808 (base 11) in base 10?
4379966
Convert -23a0046 (base 11) to base 13.
-b31398
What is -1a44ac (base 15) in base 14?
-25477d
2002211121 (base 3) to base 11
29148
-1323554 (base 7) to base 4
-222201221
377171 (base 10) to base 2
1011100000101010011
Convert 11101110100011110011000 (base 2) to base 8.
35643630
Convert 64016 (base 8) to base 2.
110100000001110
What is 10361350 (base 8) in base 16?
21e2e8
Convert -4134251 (base 6) to base 3.
-101010022211
45020 (base 13) to base 14
3390b
Convert -1101010111100000 (base 2) to base 8.
-152740
15112661 (base 7) to base 4
11131213103
Convert -4b2c2 (base 15) to base 6.
-5052145
1074aa (base 11) to base 4
221233130
133024320 (base 5) to base 11
420194
Convert -75263021 (base 8) to base 13.
-3441256
Convert 45b2b3 (base 12) to base 10.
1118439
Convert 123462 (base 10) to base 15.
268ac
What is -13460510 (base 7) in base 15?
-19ccbb
What is 3808bd (base 14) in base 16?
1d55e7
Convert -c9c8a (base 13) to base 3.
-200112012110
Convert -874753 (base 10) to base 7.
-10302205
What is -5ab29 (base 13) in base 8?
-505415
Convert -27a30a (base 11) to base 16.
-6b000
-3903053 (base 10) to base 16
-3b8e4d
Convert 7b94 (base 12) to base 7.
55132
What is -baac0 (base 14) in base 7?
-3562130
-22011354 (base 6) to base 15
-ce05d
120100222202011 (base 3) to base 10
8168260
Convert -1321004555 (base 6) to base 8.
-73767167
-282896 (base 10) to base 12
-117868
Convert -5c8845 (base 14) to base 7.
-35655515
Convert 5320045 (base 6) to base 10.
259229
What is 3227355 (base 8) in base 13?
243341
11001001110110011 (base 2) to base 15
2094c
21052134 (base 8) to base 14
847d24
What is -1011001000101010010 (base 2) in base 10?
-364882
Convert 113021323010 (base 4) to base 2.
10111001001111011000100
16241031 (base 8) to base 2
1110010100001000011001
Convert 503122554 (base 6) to base 9.
17070087
Convert 601791 (base 12) to base 13.
404b15
Convert -16234502 (base 7) to base 3.
-2221212012112
330146 (base 8) to base 14
2c4aa
-404554252 (base 6) to base 14
-ccd45a
-30504632 (base 7) to base 6
-130442545
Convert -11110101001100 (base 2) to base 16.
-3d4c
c025d (base 14) to base 5
104231332
Convert 5314026 (base 8) to base 13.
3a71ba
What is 729 (base 10) in base 16?
2d9
Convert 1a49a9 (base 11) to base 15.
6307d
-324b69 (base 13) to base 12
-48ba5b
-435326 (base 8) to base 9
-242411
Convert 3202260 (base 7) to base 8.
1364473
Convert -23221133233 (base 4) to base 14.
-596b4b
Convert -a3a9 (base 14) to base 12.
-14381
Convert 10937b (base 13) to base 15.
7b0ba
Convert -34161246 (base 7) to base 5.
-1230113123
-25953 (base 13) to base 10
-69696
What is -16d60b (base 16) in base 6?
-52024351
Convert 8c4d (base 14) to base 9.
36381
What is 2289430 (base 11) in base 15?
53d9d3
18804187 (base 9) to base 12
3227551
Convert -14441421 (base 5) to base 15.
-312ab
What is 3131000231 (base 4) in base 12?
377a65
-106229 (base 10) to base 3
-12101201102
1112112 (base 6) to base 14
166a8
-553057 (base 9) to base 4
-1100220301
-20657457 (base 8) to base 6
-234345035
51ed37 (base 15) to base 14
736651
130022331 (base 4) to base 10
115389
-14246052 (base 7) to base 15
-1b6d1c
What is 3432310 (base 5) in base 6?
1153032
Convert -125324 (base 12) to base 11.
-194a46
What is -1210012112102 (base 3) in base 11?
-598952
1003103302 (base 4) to base 13
98647
-21101021110 (base 3) to base 10
-145272
Convert 410051 (base 8) to base 3.
20212110202
-10101110000001110110 (base 2) to base 16
-ae076
Convert -10111011101022 (base 3) to base 14.
-363616
1b6a9 (base 13) to base 16
d279
-1588b9 (base 13) to base 15
-a7ea3
Convert -db539 (base 16) to base 9.
-1618278
What is -78cc33 (base 13) in base 5?
-1212342343
120021202111001 (base 3) to base 11
4649a23
Convert 3a291 (base 13) to base 16.
1a64d
Convert -24361524 (base 7) to base 15.
-2d1cb0
What is -15136430 (base 8) in base 11?
-1a50833
What is 135354 (base 9) in base 10?
82669
108907 (base 11) to base 8
521373
What is -1a2e3 (base 16) in base 11?
-73627
Convert 11011110001010000010 (base 2) to base 9.
1636200
Convert 32253000 (base 6) to base 11.
5a311a
Convert 457211 (base 10) to base 8.
1574773
What is 128ba7b (base 13) in base 7?
100334063
Convert 3c9aa (base 13) to base 3.
12202222102
101201010230 (base 4) to base 3
22122021220222
Convert -5511343 (base 6) to base 10.
-273807
What is cd972 (base 15) in base 6?
22001255
Convert 13657 (base 14) to base 9.
72633
3488c3 (base 13) to base 15
199825
4db600 (base 14) to base 6
133252544
1761415 (base 8) to base 11
323379
-2da9a (base 14) to base 6
-2242320
Convert -42056633 (base 7) to base 15.
-4a006b
Convert 32313120301 (base 4) to base 11.
222186a
-201012010102211 (base 3) to base 16
-9b9d1c
14535415 (base 7) to base 3
2121111000111
Convert 564883 (base 10) to base 9.
1050777
10026515 (base 7) to base 13
23111c
What is 232432001 (base 6) in base 8?
20404541
What is 8458603 (base 9) in base 14?
85ba26
What is -3010303440 (base 5) in base 12?
-1ba9922
bd6282 (base 14) to base 9
13083577
Convert 433032 (base 6) to base 16.
8b4c
2344323 (base 8) to base 5
131004420
Convert 100223013221 (base 4) to base 15.
5b514b
Convert -12202011111120 (base 3) to base 16.
-2e9a43
-b6c31 (base 13) to base 6
-11021033
What is 72345 (base 11) in base 2?
11001110001011001
-501543 (base 8) to base 6
-3310311
Convert -222100022201 (base 3) to base 6.
-15040414
700024 (base 9) to base 8
1447265
Convert 1010100111010000 (base 2) to base 4.
22213100
11231203020 (base 4) to base 2
101101101100011001000
What is -ac550 (base 15) in base 11?
-344757
-220320 (base 12) to base 6
-15322040
Convert -1000111110001110001000 (base 2) to base 6.
-122224532
Convert 370280 (base 13) to base 9.
2422725
What is 2530378 (base 9) in base 12?
565638
Convert -1678aa0 (base 12) to base 10.
-4639512
8a77a9 (base 11) to base 15
1d82a1
582f1f (base 16) to base 4
112002330133
Convert -a9094 (base 12) to base 2.
-110110011100110000
Convert 39477 (base 13) to base 9.
171643
What is 42255231 (base 6) in base 13?
34391b
-2355f (base 16) to base 14
-3aa63
Convert -110000110000101011 (base 2) to base 3.
-101010222011
213122203 (base 5) to base 2
11011110011001010000
Convert -45088 (base 10) to base 2.
-1011000000100000
-1874302 (base 10) to base 8
-7114576
1022464 (base 7) to base 3
20021020121
-180547 (base 14) to base 6
-30045323
28069 (base 13) to base 2
10010010000100001
Convert 1100010110011111111 (base 2) to base 12.
17627b
Convert -4393a7 (base 11) to base 3.
-1022121000122
Convert -205023515 (base 6) to base 8.
-15557247
Convert -174b (base 13) to base 8.
-6563
-b536de (base 16) to base 4
-231103123132
What is 111010010111001 (base 2) in base 16?
74b9
What is -21001033013 (base 4) in base 12?
-96031b
1911b (base 13) to base 9
73508
-1c8386 (base 13) to base 5
-141412333
Convert 10145301 (base 6) to base 5.
33402320
Convert 471626 (base 15) t